{"id":69,"date":"2014-05-30T12:39:03","date_gmt":"2014-05-30T12:39:03","guid":{"rendered":""},"modified":"2025-05-24T10:52:32","modified_gmt":"2025-05-24T08:52:32","slug":"menu","status":"publish","type":"page","link":"https:\/\/alphabetinformatique-test.ovh\/index.php\/menu\/","title":{"rendered":"Menu"},"content":{"rendered":"<p>&nbsp;<\/p>\n<p><img loading=\"lazy\" decoding=\"async\" class=\"size-medium wp-image-180 aligncenter\" src=\"https:\/\/alphabetinformatique-test.ovh\/wp-content\/uploads\/2025\/05\/rosa-placeholder-6-300x200.jpg\" alt=\"\" width=\"300\" height=\"200\" srcset=\"https:\/\/alphabetinformatique-test.ovh\/wp-content\/uploads\/2025\/05\/rosa-placeholder-6-300x200.jpg 300w, https:\/\/alphabetinformatique-test.ovh\/wp-content\/uploads\/2025\/05\/rosa-placeholder-6-1024x682.jpg 1024w, https:\/\/alphabetinformatique-test.ovh\/wp-content\/uploads\/2025\/05\/rosa-placeholder-6-768x512.jpg 768w, https:\/\/alphabetinformatique-test.ovh\/wp-content\/uploads\/2025\/05\/rosa-placeholder-6-1536x1024.jpg 1536w, https:\/\/alphabetinformatique-test.ovh\/wp-content\/uploads\/2025\/05\/rosa-placeholder-6-1200x800.jpg 1200w, https:\/\/alphabetinformatique-test.ovh\/wp-content\/uploads\/2025\/05\/rosa-placeholder-6-900x600.jpg 900w, https:\/\/alphabetinformatique-test.ovh\/wp-content\/uploads\/2025\/05\/rosa-placeholder-6-400x267.jpg 400w, https:\/\/alphabetinformatique-test.ovh\/wp-content\/uploads\/2025\/05\/rosa-placeholder-6.jpg 2000w\" sizes=\"auto, (max-width: 300px) 100vw, 300px\" \/><\/p>\n\t<div class=\"pixcode  pixcode--grid  grid\" >\n\t\t\t<div class=\"grid__item six-twelfths palm-one-whole\" >\n\t\t\n<p>Ceci est un affichage de Menu Simple<\/p>\n\t<\/div>\n\t<div class=\"grid__item six-twelfths palm-one-whole\" >\n\t\t\n<p>Il permet au client d&rsquo;acc\u00e9der directement au d\u00e9tails de votre menu de mani\u00e8re sobre et classique ou peux \u00eatre personnalis\u00e9 \u00e0 la demande<\/p>\n<p>&nbsp;<\/p>\n<p>&nbsp;<\/p>\n\t<\/div>\n\t<\/div>\n\n<p>&nbsp;<\/p>\n<p>&nbsp;<\/p>\n\t<div class=\"pixcode  pixcode--grid  grid\" >\n\t\t\t<div class=\"grid__item six-twelfths palm-one-whole\" >\n\t\t\n<div class=\"menu-list menu-list__dotted\">\n<h2 class=\"menu-list__title\">Entr\u00e9es<\/h2>\n<hr class=\"separator\"\/>\n<ul class=\"menu-list__items\">\n<li class=\"menu-list__item\">\n<h4 class=\"menu-list__item-title\"><span class=\"item_title\">Asperges<\/span><span class=\"dots\"><\/span><\/h4>\n<p class=\"menu-list__item-desc\"><span class=\"desc__content\">D\u00e9tails sur le plat<\/span><\/p>\n<span class=\"dots\"><\/span><span class=\"menu-list__item-price\">14.95\u20ac<\/span><\/li>\n<li class=\"menu-list__item\">\n<h4 class=\"menu-list__item-title\"><span class=\"item_title\">Cornish-mackerel<\/span><span class=\"dots\"><\/span><\/h4>\n<p class=\"menu-list__item-desc\"><span class=\"desc__content\">D\u00e9tails sur le plat<\/span><\/p>\n<span class=\"dots\"><\/span><span class=\"menu-list__item-price\">10.45\u20ac<\/span><\/li>\n<li class=\"menu-list__item\">\n<h4 class=\"menu-list__item-title\"><span class=\"item_title\">Quail<\/span><span class=\"dots\"><\/span><\/h4>\n<p class=\"menu-list__item-desc\"><span class=\"desc__content\">D\u00e9tails sur le plat<\/span><\/p>\n<span class=\"dots\"><\/span><span class=\"menu-list__item-price\">9.95\u20ac<\/span><\/li>\n<li class=\"menu-list__item\">\n<h4 class=\"menu-list__item-title\"><span class=\"item_title\">Curry-Tamarillor<\/span><span class=\"dots\"><\/span><\/h4>\n<p class=\"menu-list__item-desc\"><span class=\"desc__content\">D\u00e9tails sur le plat<\/span><\/p>\n<span class=\"dots\"><\/span><span class=\"menu-list__item-price\"> 7.95\u20ac<\/span><\/li>\n<li class=\"menu-list__item\">\n<h4 class=\"menu-list__item-title\"><span class=\"item_title\">Crispy<\/span><span class=\"dots\"><\/span><\/h4>\n<p class=\"menu-list__item-desc\"><span class=\"desc__content\">D\u00e9tails sur le plat<\/span><\/p>\n<span class=\"dots\"><\/span><span class=\"menu-list__item-price\">12.95\u20ac<\/span><\/li>\n<li class=\"menu-list__item\">\n<h4 class=\"menu-list__item-title\"><span class=\"item_title\">Roasted Steak Roulade<\/span><span class=\"dots\"><\/span><\/h4>\n<p class=\"menu-list__item-desc\"><span class=\"desc__content\">D\u00e9tails sur le plat<\/span><\/p>\n<span class=\"dots\"><\/span><span class=\"menu-list__item-price\">14.95\u20ac<\/span><\/li>\n<li class=\"menu-list__item\">\n<h4 class=\"menu-list__item-title\"><span class=\"item_title\">Seasonal Soup<\/span><span class=\"dots\"><\/span><\/h4>\n<p class=\"menu-list__item-desc\"><span class=\"desc__content\">D\u00e9tails sur le plat<\/span><\/p>\n<span class=\"dots\"><\/span><span class=\"menu-list__item-price\">5.95\u20ac<\/span><\/li>\n<li class=\"menu-list__item\">\n<h4 class=\"menu-list__item-title\"><span class=\"item_title\">Campo Lindo Chicken<\/span><span class=\"dots\"><\/span><\/h4>\n<p class=\"menu-list__item-desc\"><span class=\"desc__content\">D\u00e9tails sur le plat<\/span><\/p>\n<span class=\"dots\"><\/span><span class=\"menu-list__item-price\">24.95\u20ac<\/span><\/li>\n<\/ul>\n<\/div>\n\n\t<\/div>\n\t<div class=\"grid__item six-twelfths palm-one-whole\" >\n\t\t\n<div class=\"menu-list menu-list__dotted\">\n<h2 class=\"menu-list__title\">Plats<\/h2>\n<hr class=\"separator\"\/>\n<ul class=\"menu-list__items\">\n<li class=\"menu-list__item\">\n<h4 class=\"menu-list__item-title\"><span class=\"item_title\">Bavette<\/span><span class=\"dots\"><\/span><\/h4>\n<p class=\"menu-list__item-desc\"><span class=\"desc__content\">D\u00e9tails sur le plat<\/span><\/p>\n<span class=\"dots\"><\/span><span class=\"menu-list__item-price\">26.95\u20ac<\/span><\/li>\n<li class=\"menu-list__item\">\n<h4 class=\"menu-list__item-title\"><span class=\"item_title\">Filet De Saumon<\/span><span class=\"dots\"><\/span><\/h4>\n<p class=\"menu-list__item-desc\"><span class=\"desc__content\">D\u00e9tails sur le plat<\/span><\/p>\n<span class=\"dots\"><\/span><span class=\"menu-list__item-price\">13.95\u20ac<\/span><\/li>\n<li class=\"menu-list__item\">\n<h4 class=\"menu-list__item-title\"><span class=\"item_title\">Confit de Canard<\/span><span class=\"dots\"><\/span><\/h4>\n<p class=\"menu-list__item-desc\"><span class=\"desc__content\">D\u00e9tails sur le plat<\/span><\/p>\n<span class=\"dots\"><\/span><span class=\"menu-list__item-price\">12.15\u20ac<\/span><\/li>\n<li class=\"menu-list__item\">\n<h4 class=\"menu-list__item-title\"><span class=\"item_title\">Poulet Cordon Bleu<\/span><span class=\"dots\"><\/span><\/h4>\n<p class=\"menu-list__item-desc\"><span class=\"desc__content\">D\u00e9tails sur le plat<\/span><\/p>\n<span class=\"dots\"><\/span><span class=\"menu-list__item-price\">13.95\u20ac<\/span><\/li>\n<\/ul>\n<h2 class=\"menu-list__title\">Dessert<\/h2>\n<hr class=\"separator\"\/>\n<ul class=\"menu-list__items\">\n<li class=\"menu-list__item\">\n<h4 class=\"menu-list__item-title\"><span class=\"item_title\">Cr\u00e8me Brul\u00e9e<\/span><span class=\"dots\"><\/span><\/h4>\n<p class=\"menu-list__item-desc\"><span class=\"desc__content\">D\u00e9tails sur le plat<\/span><\/p>\n<span class=\"dots\"><\/span><span class=\"menu-list__item-price\">5.25\u20ac<\/span><\/li>\n<li class=\"menu-list__item\">\n<h4 class=\"menu-list__item-title\"><span class=\"item_title\">Tarte Tatin<\/span><span class=\"dots\"><\/span><\/h4>\n<p class=\"menu-list__item-desc\"><span class=\"desc__content\">D\u00e9tails sur le plat<\/span><\/p>\n<span class=\"dots\"><\/span><span class=\"menu-list__item-price\">5.95\u20ac<\/span><\/li>\n<li class=\"menu-list__item\">\n<h4 class=\"menu-list__item-title\"><span class=\"item_title\">Assiette de fromages<\/span><span class=\"dots\"><\/span><\/h4>\n<p class=\"menu-list__item-desc\"><span class=\"desc__content\">D\u00e9tails sur le plat<\/span><\/p>\n<span class=\"dots\"><\/span><span class=\"menu-list__item-price\">6.95\u20ac<\/span><\/li>\n<\/ul>\n<\/div>\n\n\t<\/div>\n\t<\/div>\n\n<p>&nbsp;<\/p>\n<div class=\"pixcode  pixcode--separator  separator separator--flower\">&#10043;<\/div>\n\n<p>&nbsp;<\/p>\n<p>Voici une seconde possibilit\u00e9 d&rsquo;affichage, qui pr\u00e9sente 2 avantages distincts<\/p>\n<ul>\n<li>Possibilit\u00e9 de modifier facilement la carte tarifs produit, promotions<\/li>\n<li>Possibilit\u00e9s de mettre un syst\u00e8me de commande en ligne avec ou sans livraison<\/li>\n<\/ul>\n<p>&nbsp;<\/p>\n<p style=\"text-align: center;\"><span class=\"glf-button-default glf-button \" style='background-color:#ef8b17; color:#FFFFFF !important; font-weight:bold; font-size:18px; padding:15px; border-radius:3px; font-family:\"Arial\", sans-serif; '  data-glf-cuid=\"\" data-glf-ruid=\"31c33f3a-fec7-45c6-84b2-e4a2e8b3ee8f\"  data-location=\"31c33f3a-fec7-45c6-84b2-e4a2e8b3ee8f\">MENU & Commandes<\/span><script src=\"https:\/\/www.fbgcdn.com\/embedder\/js\/ewm2.js\" defer async ><\/script><style> .glf-ordering-location > span{display:none;} <\/style> ou <div class=\"glf-mor-restaurant-menu-wrapper\"><div class=\"glf-mor-restaurant-menu-category\"><h3>Pizza<\/h3><hr>\n\n                            <div class=\"glf-mor-restaurant-menu-item\"><div class=\"glf-mor-restaurant-menu-item-inner\">\n                            <div style=\"width: 100%\">\n                                <div class=\"glf-mor-restaurant-menu-item-header\"><h5 class=\"glf-mor-restaurant-menu-item-name\">Pizza Margherita<\/h5><div class=\"glf-mor-restaurant-menu-item-price\" data-price=\"7\" data-currency=\"EUR\" data-decimals=\"2\"><span class=\"from\">\u00c0 partir de<\/span><span class=\"price\">7 EUR<\/span><\/div>\n                                <\/div>\n                                <div class=\"glf-mor-restaurant-menu-item-description\">Sauce tomate, mozzarella, jambon, champignons de Paris.<\/div>\n                            <\/div>\n                        <\/div><\/div><hr>\n\n                            <div class=\"glf-mor-restaurant-menu-item\"><div class=\"glf-mor-restaurant-menu-item-inner\">\n                            <div style=\"width: 100%\">\n                                <div class=\"glf-mor-restaurant-menu-item-header\"><h5 class=\"glf-mor-restaurant-menu-item-name\">Pizza 4 Fromages<\/h5><div class=\"glf-mor-restaurant-menu-item-price\" data-price=\"8\" data-currency=\"EUR\" data-decimals=\"2\"><span class=\"from\">\u00c0 partir de<\/span><span class=\"price\">8 EUR<\/span><\/div>\n                                <\/div>\n                                <div class=\"glf-mor-restaurant-menu-item-description\">Sauce tomate, mozzarella, ch\u00e8vre, fromage r\u00e2p\u00e9 (Gouda & Emmental), Fourme d\u2019Ambert AOP.<\/div>\n                            <\/div>\n                        <\/div><\/div><hr><\/div><div class=\"glf-mor-restaurant-menu-category\"><h3>P\u00e2tes<\/h3><hr>\n\n                            <div class=\"glf-mor-restaurant-menu-item\"><div class=\"glf-mor-restaurant-menu-item-inner\">\n                            <div style=\"width: 100%\">\n                                <div class=\"glf-mor-restaurant-menu-item-header\"><h5 class=\"glf-mor-restaurant-menu-item-name\">Spaghetti Bolognaise<\/h5><div class=\"glf-mor-restaurant-menu-item-price\" data-price=\"9\" data-currency=\"EUR\" data-decimals=\"2\"><span class=\"price\">9 EUR<\/span><\/div>\n                                <\/div>\n                                <div class=\"glf-mor-restaurant-menu-item-description\">Spaghetti, B\u0153uf hach\u00e9, sauce Tomate, parmesan<\/div>\n                            <\/div>\n                        <\/div><\/div><hr>\n\n                            <div class=\"glf-mor-restaurant-menu-item\"><div class=\"glf-mor-restaurant-menu-item-inner\">\n                            <div style=\"width: 100%\">\n                                <div class=\"glf-mor-restaurant-menu-item-header\"><h5 class=\"glf-mor-restaurant-menu-item-name\">Spaghetti Carbonara<\/h5><div class=\"glf-mor-restaurant-menu-item-price\" data-price=\"12\" data-currency=\"EUR\" data-decimals=\"2\"><span class=\"price\">12 EUR<\/span><\/div>\n                                <\/div>\n                                <div class=\"glf-mor-restaurant-menu-item-description\">Spaghetti, oeuf, pancetta, ail, parmesan<\/div>\n                            <\/div>\n                        <\/div><\/div><hr><\/div><div class=\"glf-mor-restaurant-menu-category\"><h3>Boissons<\/h3><hr>\n\n                            <div class=\"glf-mor-restaurant-menu-item\"><div class=\"glf-mor-restaurant-menu-item-inner\">\n                            <div style=\"width: 100%\">\n                                <div class=\"glf-mor-restaurant-menu-item-header\"><h5 class=\"glf-mor-restaurant-menu-item-name\">Caf\u00e9<\/h5><div class=\"glf-mor-restaurant-menu-item-price\" data-price=\"1.5\" data-currency=\"EUR\" data-decimals=\"2\"><span class=\"price\">1.5 EUR<\/span><\/div>\n                                <\/div>\n                                \n                            <\/div>\n                        <\/div><\/div><hr>\n\n                            <div class=\"glf-mor-restaurant-menu-item\"><div class=\"glf-mor-restaurant-menu-item-inner\">\n                            <div style=\"width: 100%\">\n                                <div class=\"glf-mor-restaurant-menu-item-header\"><h5 class=\"glf-mor-restaurant-menu-item-name\">Pepsi<\/h5><div class=\"glf-mor-restaurant-menu-item-price\" data-price=\"1.7\" data-currency=\"EUR\" data-decimals=\"2\"><span class=\"price\">1.7 EUR<\/span><\/div>\n                                <\/div>\n                                \n                            <\/div>\n                        <\/div><\/div><hr>\n\n                            <div class=\"glf-mor-restaurant-menu-item\"><div class=\"glf-mor-restaurant-menu-item-inner\">\n                            <div style=\"width: 100%\">\n                                <div class=\"glf-mor-restaurant-menu-item-header\"><h5 class=\"glf-mor-restaurant-menu-item-name\">Limonade<\/h5><div class=\"glf-mor-restaurant-menu-item-price\" data-price=\"3\" data-currency=\"EUR\" data-decimals=\"2\"><span class=\"price\">3 EUR<\/span><\/div>\n                                <\/div>\n                                \n                            <\/div>\n                        <\/div><\/div><hr><\/div><\/div>\n            <script type=\"text\/javascript\">\n                document.addEventListener( \"DOMContentLoaded\", function ( event ) {\n                if (typeof jQuery != \"undefined\") {\n                    jQuery(document).ready(function() {\n                           jQuery(\".glf-mor-restaurant-menu-item-price\").each(function() {\n                                const el=jQuery(this);\n                                const el_Price=jQuery(this).find(\"> span.price\");\n                                const price=parseFloat(el.data(\"price\"));\n                                const currency= el.data(\"currency\")\n                                const numberOfDigits = parseInt( el.data(\"decimals\") );\n                                const localeStringOptions = {\n                                    style:\"currency\",\n                                    currency: currency,\n                                    minimumFractionDigits: numberOfDigits,\n                                    maximumFractionDigits: numberOfDigits                                    \n                                }; \n                                el_Price.html(price.toLocaleString('fr-FR', localeStringOptions))\n                            });\n                       });\n                    }\n                });\n            <\/script>\n","protected":false},"excerpt":{"rendered":"<p>&nbsp; &nbsp; &nbsp; &nbsp; &nbsp; Voici une seconde possibilit\u00e9 d&rsquo;affichage, qui pr\u00e9sente 2 avantages distincts Possibilit\u00e9 de modifier facilement la carte tarifs produit, promotions Possibilit\u00e9s de mettre un syst\u00e8me de commande en ligne avec ou sans livraison &nbsp; ou<\/p>\n","protected":false},"author":1,"featured_media":176,"parent":0,"menu_order":0,"comment_status":"closed","ping_status":"closed","template":"page-templates\/no-title.php","meta":{"footnotes":""},"class_list":["post-69","page","type-page","status-publish","has-post-thumbnail","hentry"],"yoast_head":"<!-- This site is optimized with the Yoast SEO plugin v27.4 - https:\/\/yoast.com\/product\/yoast-seo-wordpress\/ -->\n<title>Menu - Restaurant type<\/title>\n<meta name=\"robots\" content=\"index, follow, max-snippet:-1, max-image-preview:large, max-video-preview:-1\" \/>\n<link rel=\"canonical\" href=\"https:\/\/alphabetinformatique-test.ovh\/index.php\/menu\/\" \/>\n<meta property=\"og:locale\" content=\"fr_FR\" \/>\n<meta property=\"og:type\" content=\"article\" \/>\n<meta property=\"og:title\" content=\"Menu - Restaurant type\" \/>\n<meta property=\"og:description\" content=\"&nbsp; &nbsp; &nbsp; &nbsp; &nbsp; Voici une seconde possibilit\u00e9 d&rsquo;affichage, qui pr\u00e9sente 2 avantages distincts Possibilit\u00e9 de modifier facilement la carte tarifs produit, promotions Possibilit\u00e9s de mettre un syst\u00e8me de commande en ligne avec ou sans livraison &nbsp; ou\" \/>\n<meta property=\"og:url\" content=\"https:\/\/alphabetinformatique-test.ovh\/index.php\/menu\/\" \/>\n<meta property=\"og:site_name\" content=\"Restaurant type\" \/>\n<meta property=\"article:modified_time\" content=\"2025-05-24T08:52:32+00:00\" \/>\n<meta property=\"og:image\" content=\"https:\/\/alphabetinformatique-test.ovh\/wp-content\/uploads\/2025\/05\/rosa-placeholder-2.jpg\" \/>\n\t<meta property=\"og:image:width\" content=\"1333\" \/>\n\t<meta property=\"og:image:height\" content=\"2000\" \/>\n\t<meta property=\"og:image:type\" content=\"image\/jpeg\" \/>\n<meta name=\"twitter:card\" content=\"summary_large_image\" \/>\n<meta name=\"twitter:label1\" content=\"Dur\u00e9e de lecture estim\u00e9e\" \/>\n\t<meta name=\"twitter:data1\" content=\"2 minutes\" \/>\n<script type=\"application\/ld+json\" class=\"yoast-schema-graph\">{\"@context\":\"https:\\\/\\\/schema.org\",\"@graph\":[{\"@type\":\"WebPage\",\"@id\":\"https:\\\/\\\/alphabetinformatique-test.ovh\\\/index.php\\\/menu\\\/\",\"url\":\"https:\\\/\\\/alphabetinformatique-test.ovh\\\/index.php\\\/menu\\\/\",\"name\":\"Menu - Restaurant type\",\"isPartOf\":{\"@id\":\"https:\\\/\\\/alphabetinformatique-test.ovh\\\/#website\"},\"primaryImageOfPage\":{\"@id\":\"https:\\\/\\\/alphabetinformatique-test.ovh\\\/index.php\\\/menu\\\/#primaryimage\"},\"image\":{\"@id\":\"https:\\\/\\\/alphabetinformatique-test.ovh\\\/index.php\\\/menu\\\/#primaryimage\"},\"thumbnailUrl\":\"https:\\\/\\\/alphabetinformatique-test.ovh\\\/wp-content\\\/uploads\\\/2025\\\/05\\\/rosa-placeholder-2.jpg\",\"datePublished\":\"2014-05-30T12:39:03+00:00\",\"dateModified\":\"2025-05-24T08:52:32+00:00\",\"breadcrumb\":{\"@id\":\"https:\\\/\\\/alphabetinformatique-test.ovh\\\/index.php\\\/menu\\\/#breadcrumb\"},\"inLanguage\":\"fr-FR\",\"potentialAction\":[{\"@type\":\"ReadAction\",\"target\":[\"https:\\\/\\\/alphabetinformatique-test.ovh\\\/index.php\\\/menu\\\/\"]}]},{\"@type\":\"ImageObject\",\"inLanguage\":\"fr-FR\",\"@id\":\"https:\\\/\\\/alphabetinformatique-test.ovh\\\/index.php\\\/menu\\\/#primaryimage\",\"url\":\"https:\\\/\\\/alphabetinformatique-test.ovh\\\/wp-content\\\/uploads\\\/2025\\\/05\\\/rosa-placeholder-2.jpg\",\"contentUrl\":\"https:\\\/\\\/alphabetinformatique-test.ovh\\\/wp-content\\\/uploads\\\/2025\\\/05\\\/rosa-placeholder-2.jpg\",\"width\":1333,\"height\":2000},{\"@type\":\"BreadcrumbList\",\"@id\":\"https:\\\/\\\/alphabetinformatique-test.ovh\\\/index.php\\\/menu\\\/#breadcrumb\",\"itemListElement\":[{\"@type\":\"ListItem\",\"position\":1,\"name\":\"Accueil\",\"item\":\"https:\\\/\\\/alphabetinformatique-test.ovh\\\/\"},{\"@type\":\"ListItem\",\"position\":2,\"name\":\"Menu\"}]},{\"@type\":\"WebSite\",\"@id\":\"https:\\\/\\\/alphabetinformatique-test.ovh\\\/#website\",\"url\":\"https:\\\/\\\/alphabetinformatique-test.ovh\\\/\",\"name\":\"Restaurant type\",\"description\":\"\",\"publisher\":{\"@id\":\"https:\\\/\\\/alphabetinformatique-test.ovh\\\/#organization\"},\"potentialAction\":[{\"@type\":\"SearchAction\",\"target\":{\"@type\":\"EntryPoint\",\"urlTemplate\":\"https:\\\/\\\/alphabetinformatique-test.ovh\\\/?s={search_term_string}\"},\"query-input\":{\"@type\":\"PropertyValueSpecification\",\"valueRequired\":true,\"valueName\":\"search_term_string\"}}],\"inLanguage\":\"fr-FR\"},{\"@type\":\"Organization\",\"@id\":\"https:\\\/\\\/alphabetinformatique-test.ovh\\\/#organization\",\"name\":\"Restaurant type\",\"url\":\"https:\\\/\\\/alphabetinformatique-test.ovh\\\/\",\"logo\":{\"@type\":\"ImageObject\",\"inLanguage\":\"fr-FR\",\"@id\":\"https:\\\/\\\/alphabetinformatique-test.ovh\\\/#\\\/schema\\\/logo\\\/image\\\/\",\"url\":\"https:\\\/\\\/alphabetinformatique-test.ovh\\\/wp-content\\\/uploads\\\/2025\\\/05\\\/logo-rosa-white-2x.png\",\"contentUrl\":\"https:\\\/\\\/alphabetinformatique-test.ovh\\\/wp-content\\\/uploads\\\/2025\\\/05\\\/logo-rosa-white-2x.png\",\"width\":172,\"height\":56,\"caption\":\"Restaurant type\"},\"image\":{\"@id\":\"https:\\\/\\\/alphabetinformatique-test.ovh\\\/#\\\/schema\\\/logo\\\/image\\\/\"}}]}<\/script>\n<!-- \/ Yoast SEO plugin. -->","yoast_head_json":{"title":"Menu - Restaurant type","robots":{"index":"index","follow":"follow","max-snippet":"max-snippet:-1","max-image-preview":"max-image-preview:large","max-video-preview":"max-video-preview:-1"},"canonical":"https:\/\/alphabetinformatique-test.ovh\/index.php\/menu\/","og_locale":"fr_FR","og_type":"article","og_title":"Menu - Restaurant type","og_description":"&nbsp; &nbsp; &nbsp; &nbsp; &nbsp; Voici une seconde possibilit\u00e9 d&rsquo;affichage, qui pr\u00e9sente 2 avantages distincts Possibilit\u00e9 de modifier facilement la carte tarifs produit, promotions Possibilit\u00e9s de mettre un syst\u00e8me de commande en ligne avec ou sans livraison &nbsp; ou","og_url":"https:\/\/alphabetinformatique-test.ovh\/index.php\/menu\/","og_site_name":"Restaurant type","article_modified_time":"2025-05-24T08:52:32+00:00","og_image":[{"width":1333,"height":2000,"url":"https:\/\/alphabetinformatique-test.ovh\/wp-content\/uploads\/2025\/05\/rosa-placeholder-2.jpg","type":"image\/jpeg"}],"twitter_card":"summary_large_image","twitter_misc":{"Dur\u00e9e de lecture estim\u00e9e":"2 minutes"},"schema":{"@context":"https:\/\/schema.org","@graph":[{"@type":"WebPage","@id":"https:\/\/alphabetinformatique-test.ovh\/index.php\/menu\/","url":"https:\/\/alphabetinformatique-test.ovh\/index.php\/menu\/","name":"Menu - Restaurant type","isPartOf":{"@id":"https:\/\/alphabetinformatique-test.ovh\/#website"},"primaryImageOfPage":{"@id":"https:\/\/alphabetinformatique-test.ovh\/index.php\/menu\/#primaryimage"},"image":{"@id":"https:\/\/alphabetinformatique-test.ovh\/index.php\/menu\/#primaryimage"},"thumbnailUrl":"https:\/\/alphabetinformatique-test.ovh\/wp-content\/uploads\/2025\/05\/rosa-placeholder-2.jpg","datePublished":"2014-05-30T12:39:03+00:00","dateModified":"2025-05-24T08:52:32+00:00","breadcrumb":{"@id":"https:\/\/alphabetinformatique-test.ovh\/index.php\/menu\/#breadcrumb"},"inLanguage":"fr-FR","potentialAction":[{"@type":"ReadAction","target":["https:\/\/alphabetinformatique-test.ovh\/index.php\/menu\/"]}]},{"@type":"ImageObject","inLanguage":"fr-FR","@id":"https:\/\/alphabetinformatique-test.ovh\/index.php\/menu\/#primaryimage","url":"https:\/\/alphabetinformatique-test.ovh\/wp-content\/uploads\/2025\/05\/rosa-placeholder-2.jpg","contentUrl":"https:\/\/alphabetinformatique-test.ovh\/wp-content\/uploads\/2025\/05\/rosa-placeholder-2.jpg","width":1333,"height":2000},{"@type":"BreadcrumbList","@id":"https:\/\/alphabetinformatique-test.ovh\/index.php\/menu\/#breadcrumb","itemListElement":[{"@type":"ListItem","position":1,"name":"Accueil","item":"https:\/\/alphabetinformatique-test.ovh\/"},{"@type":"ListItem","position":2,"name":"Menu"}]},{"@type":"WebSite","@id":"https:\/\/alphabetinformatique-test.ovh\/#website","url":"https:\/\/alphabetinformatique-test.ovh\/","name":"Restaurant type","description":"","publisher":{"@id":"https:\/\/alphabetinformatique-test.ovh\/#organization"},"potentialAction":[{"@type":"SearchAction","target":{"@type":"EntryPoint","urlTemplate":"https:\/\/alphabetinformatique-test.ovh\/?s={search_term_string}"},"query-input":{"@type":"PropertyValueSpecification","valueRequired":true,"valueName":"search_term_string"}}],"inLanguage":"fr-FR"},{"@type":"Organization","@id":"https:\/\/alphabetinformatique-test.ovh\/#organization","name":"Restaurant type","url":"https:\/\/alphabetinformatique-test.ovh\/","logo":{"@type":"ImageObject","inLanguage":"fr-FR","@id":"https:\/\/alphabetinformatique-test.ovh\/#\/schema\/logo\/image\/","url":"https:\/\/alphabetinformatique-test.ovh\/wp-content\/uploads\/2025\/05\/logo-rosa-white-2x.png","contentUrl":"https:\/\/alphabetinformatique-test.ovh\/wp-content\/uploads\/2025\/05\/logo-rosa-white-2x.png","width":172,"height":56,"caption":"Restaurant type"},"image":{"@id":"https:\/\/alphabetinformatique-test.ovh\/#\/schema\/logo\/image\/"}}]}},"_links":{"self":[{"href":"https:\/\/alphabetinformatique-test.ovh\/index.php\/wp-json\/wp\/v2\/pages\/69","targetHints":{"allow":["GET"]}}],"collection":[{"href":"https:\/\/alphabetinformatique-test.ovh\/index.php\/wp-json\/wp\/v2\/pages"}],"about":[{"href":"https:\/\/alphabetinformatique-test.ovh\/index.php\/wp-json\/wp\/v2\/types\/page"}],"author":[{"embeddable":true,"href":"https:\/\/alphabetinformatique-test.ovh\/index.php\/wp-json\/wp\/v2\/users\/1"}],"replies":[{"embeddable":true,"href":"https:\/\/alphabetinformatique-test.ovh\/index.php\/wp-json\/wp\/v2\/comments?post=69"}],"version-history":[{"count":16,"href":"https:\/\/alphabetinformatique-test.ovh\/index.php\/wp-json\/wp\/v2\/pages\/69\/revisions"}],"predecessor-version":[{"id":841,"href":"https:\/\/alphabetinformatique-test.ovh\/index.php\/wp-json\/wp\/v2\/pages\/69\/revisions\/841"}],"wp:featuredmedia":[{"embeddable":true,"href":"https:\/\/alphabetinformatique-test.ovh\/index.php\/wp-json\/wp\/v2\/media\/176"}],"wp:attachment":[{"href":"https:\/\/alphabetinformatique-test.ovh\/index.php\/wp-json\/wp\/v2\/media?parent=69"}],"curies":[{"name":"wp","href":"https:\/\/api.w.org\/{rel}","templated":true}]}}